is the greatest common divisor of 4 and b?
4
Suppose k + 2*l - 1 = 5*l, 0 = -2*k - 3*l + 20. Let n be (k + (-60)/8)*(-811 + -1). Calculate the greatest common factor of 58 and n.
58
Suppose l + 5*x = 1460, 3*l + 1444 = 4*l - 3*x. What is the greatest common factor of 58 and l?
58
Suppose 0 = -26*h + 21*h. Suppose -i + 1 = u - h*u, -2*u + i = -11. Calculate the greatest common divisor of 8 and u.
4
Let h = -3001 - -3011. Calculate the highest common divisor of 32 and h.
2
Let b = 41 + -83. Let g = b - -78. Let a = -292 + 436. Calculate the highest common divisor of a and g.
36
Suppose 22 + 8 = 15*l. Suppose -l*w + 3 = -3*j + 8, -5*j = 5*w - 25. What is the highest common factor of 51 and j?
3
Let q be -2*3/6*-2. Let y(g) = -20*g**2 - 7 + 9*g**2 - 5 + 12*g**q. Let s be y(-5). What is the greatest common divisor of 117 and s?
13
Let w be -1*(-2 + (-1)/(1/(-2))). Suppose 2*f + 8 - 26 = w. Suppose 3*v - 4*l = 41, f = -2*v - 5*l + 44. Calculate the highest common factor of 15 and v.
15
Let d be ((-18)/4)/(1/(-4)). Let g be (-12)/d + 4*(-1)/(-6). Suppose -190 = -w - 4*q + 107, q = g. What is the highest common divisor of 33 and w?
33
Let a = -499 - -523. Let f(l) = -l**3 + 22*l**2 + 52*l + 4. Let w be f(a). What is the greatest common factor of w and 8?
4
Let a be (-3)/((-15)/110)*1. Let r = 28 - a. Let o be 1 + 4/4 - -13. What is the greatest common factor of r and o?
3
Let w be (64 - 8) + 0/2. Suppose 4*o = o - 4*l - 134, -4*o - 5*l - 177 = 0. Let c = o + w. Calculate the highest common factor of c and 36.
18
Let x be 651/155 - (6/(-10))/(-3). Suppose x*p - 4*i + 0*i - 248 = 0, 4*i = -8. Suppose -5*y + 9*y = p. Calculate the highest common factor of y and 105.
15
Suppose 2*d - 1 = 3. Suppose 14*m = 324 - 212. Suppose -d*p + m = -16. Calculate the highest common divisor of 72 and p.
12
Suppose 0 = -8*w + 3*w + 50. Let k be (-20)/7*(2 - (-274)/(-4)). Calculate the greatest common factor of k and w.
10
Suppose 3 = -3*h + 12. Suppose 3*i + h*i + i = 0. Suppose i = -3*w - 5*w + 312. Calculate the greatest common divisor of 26 and w.
13
Let s = 298 + -308. Let i be (-300)/(-5) - (s + 7). What is the greatest common divisor of i and 63?
63
Let d(g) be the first derivative of -g**2 - g - 10. Let v be d(-3). Let f be (1*v)/((-10)/(-290)). Calculate the highest common divisor of 58 and f.
29
Let d = 8342 - 6270. What is the highest common factor of 21 and d?
7
Let b be (-180)/(-10)*54/(-36)*2122/(-9). What is the highest common divisor of 30 and b?
6
Let k = -55 + -26. Let z be ((-20)/6)/((-3)/(0 - k)). Suppose -2*d + 6*d = 40. What is the greatest common divisor of z and d?
10
Let k = 306 - 102. Suppose 196 = -31*o + 568. Calculate the highest common factor of k and o.
12
Let w(s) = -74*s**2 - 3*s**3 - 34*s + 38*s**2 + 4*s**3 - 66. Let l be w(37). What is the greatest common divisor of l and 855?
45
Let g = 641 - 342. What is the highest common factor of 52 and g?
13
Suppose 819*b - 4600 = 704*b. Calculate the greatest common divisor of 6352 and b.
8
Let x(g) = -g**2 + 10*g - 15. Let i be x(7). Let c(h) = 58*h + 20. Let r be c(i). Calculate the highest common divisor of r and 16.
16
Suppose -3*a - 12 = -0*z - z, -29 = -2*z + 5*a. Suppose -3*b + 1 = -14. Let n be (117/(-52))/((b/132)/(-5)). What is the highest common divisor of n and z?
27
Let h be (3/(-6))/((-93)/7068). Calculate the highest common factor of 18107 and h.
19
Let a be (-708)/(-54) - (5 + 245/(-63)). Calculate the greatest common factor of a and 2652.
12
Suppose 1240 = -2146*c + 2166*c. Calculate the highest common divisor of 1674 and c.
62
Suppose 4*r - 363 = 38*k - 33*k, -4*r = 3*k - 371. Suppose 2*s - x + 0*x = -134, x + 67 = -s. Let a = s + r. What is the greatest common factor of a and 175?
25
Suppose -5*h = 5*t - 710, 4*t - 554 = 11*h - 8*h. What is the greatest common factor of 2030 and t?
70
Suppose h - 3*r - 530 = 0, -2*h + 1069 = -146*r + 143*r. Calculate the highest common factor of h and 220.
11
Let o(q) = 49*q + 9. Let g be o(3). Let p = g + -60. Calculate the greatest common divisor of p and 12.
12
Let i be ((-3)/2)/((-15)/70). Let x = 1020 + -992. Calculate the greatest common divisor of x and i.
7
Let j(u) = 3*u**2 - 15*u + 27. Let g = -75 - -77. Let z be j(g). What is the greatest common factor of z and 3?
3
Let t be ((-84)/8 + -1)/((-6)/12). Let s = 26 - t. What is the greatest common divisor of 141 and s?
3
Let v be -235*(60/(-25))/(-6). Let w = v + 92. Let z be -2 + (950/(-4))/5*w. Calculate the greatest common factor of 31 and z.
31
Suppose -21 = -5*p + 9. Suppose -p*i + 0*i = -588. Let f be -5 + i + -2 + -2 + 1. What is the highest common divisor of f and 10?
10
Suppose 0 = 3*d - 5*x - 641 - 450, 358 = d + 4*x. Let s = d - 358. Calculate the greatest common factor of s and 12.
4
Let x = 7403 + -7317. What is the highest common factor of 8084 and x?
86
Let d(i) = -i**2 + 20*i - 67. Let z be (-8)/(-56)*(-5 + 96). Let p be d(z). What is the highest common factor of 48 and p?
24
Suppose 40*b - 47*b - 4*h + 19 = 0, 0 = -5*b + h + 56. Suppose -5*n + 352 = 2*l, 2*l + 859 = 7*l + 2*n. Calculate the greatest common factor of l and b.
9
Let x = -3494 + 3500. What is the highest common factor of x and 74?
2
Let l be (-12)/((-9)/((-9)/(-2))). Suppose -8*i + 9 = -7. Suppose c + 6 - 2 = -i*h, 4*c - 3*h = 17. What is the greatest common divisor of l and c?
2
Suppose -2*p + 2*k - 50 = 0, k + k + 54 = -2*p. Let x be (p/6)/((-6)/90). Calculate the highest common divisor of 10 and x.
5
Let j be 54 + ((-315)/175)/(6/20). Calculate the greatest common factor of 944 and j.
16
Suppose 123 = 26*a + 1891. Let v be (1 - (1 + a))/((-80)/(-160)). Suppose -15 = -2*u + 53. Calculate the highest common factor of u and v.
34
Let s(u) = 2*u + 4. Let y be s(-2). Suppose -5*c + 2*n = -370, -196 + y = -3*c - 4*n. Let i = c - 70. Calculate the highest common divisor of i and 6.
2
Let z be (9/2)/(3/6). Let c = 299 - 299. Suppose 3*g - g = p + 2, -2*p = c. What is the highest common factor of z and g?
1
Let n = -1861 + 3985. Calculate the highest common divisor of 18 and n.
18
Let c = 6 - 1. Suppose -1715 - 140 = -c*f - 5*g, -9 = -3*g. Calculate the highest common factor of f and 23.
23
Suppose -740 = 5*l + 560. Let f be (0 + (-65 - 1))/(30/l). What is the highest common divisor of 44 and f?
44
Let f(o) = 9*o**2 - o - 2. Let a be f(2). Suppose 3*t - 47 = -a. Suppose 4*j = 3*p - 170, t*p = 2*p - 2*j + 140. What is the greatest common factor of 5 and p?
5
Let z = 31 - 32. Let o be z/(6/(-12)) + (0 - -42). Suppose x = -4*y + 437, -2*x + 5*x = -9. What is the highest common divisor of o and y?
22
Suppose -2*l + 4*h - 6 = 0, -2*h + 18 = -4*l + 6. Let y be (-2 - -1)*(l + -2). Let n be 20/((-4)/(-7 + y)). What is the greatest common factor of n and 100?
10
Let s = 4630 - 3529. Calculate the greatest common factor of 3 and s.
3
Suppose 9*u - 12*u - 2*q + 124 = 0, 3*q + 114 = 3*u. Calculate the highest common factor of 60 and u.
20
Let d be 32 + -22 + -11 + -1 + 518. What is the greatest common factor of d and 84?
12
Let w(f) = 73*f**2 + 8*f. Let i be w(-6). Calculate the highest common factor of i and 60.
60
Let v be -2 - (-1000 + 8/(-4)). Suppose -47 = 5*k - 4*z - 59, 4*k + 3 = 5*z. Calculate the greatest common factor of k and v.
8
Let p be (70/560)/((-3)/(-3792)). What is the greatest common divisor of p and 4029?
79
Let f(s) be the first derivative of -9 - 4*s**2 + 8*s + 2/3*s**3. Let z be f(4). What is the greatest common divisor of 64 and z?
8
Let r be (7155/90)/(5/18) + (-6)/30. What is the greatest common divisor of 910 and r?
26
Let s = -413 - 11. Let m = -284 - s. What is the greatest common divisor of 20 and m?
20
Let k be 0 - (-9 - ((-1012)/(-276))/(2/25218)). What is the highest common factor of 252 and k?
126
Suppose 193002 = 43*p + 132313 - 192581. What is the greatest common divisor of p and 10?
10
Suppose -172*u + 1514 = -550. What is the greatest common divisor of u and 17652?
12
Suppose 4*z + 198*z = 10*z + 72576. What is the greatest common factor of 3234 and z?
42
Suppose -w + 8 - 1 = 0. Let l be (-33)/(-2)*8/(-3). Let n = l - -51. What is the highest common divisor of n and w?
7
Suppose 0 = -5*v - 0*v - 310. Let b = v + 62. Suppose -2*o - 4*f + 860 = b, -3*o - 3*f + 1305 = -0*o. What is the 